{"id":55,"date":"2011-01-28T13:15:37","date_gmt":"2011-01-28T13:15:37","guid":{"rendered":"http:\/\/asipoland.pl\/\/?page_id=55"},"modified":"2014-02-18T12:04:31","modified_gmt":"2014-02-18T12:04:31","slug":"misja","status":"publish","type":"page","link":"https:\/\/asipoland.pl\/?page_id=55&amp;langswitch_lang=pl","title":{"rendered":"Misja naszej firmy"},"content":{"rendered":"<p>Nasz\u0105 misj\u0105 jest wykorzystywanie najlepszych do\u015bwiadcze\u0144 naszych ludzi, aby zwi\u0119ksza\u0107 efektywno\u015b\u0107 Organizacji Naszych Klient\u00f3w.<\/p>\n","protected":false},"excerpt":{"rendered":"<p>Nasz\u0105 misj\u0105 jest wykorzystywanie najlepszych do\u015bwiadcze\u0144 naszych ludzi, aby zwi\u0119ksza\u0107 efektywno\u015b\u0107 Organizacji Naszych Klient\u00f3w.<\/p>\n","protected":false},"author":7,"featured_media":0,"parent":2,"menu_order":1,"comment_status":"closed","ping_status":"closed","template":"","meta":[],"_links":{"self":[{"href":"https:\/\/asipoland.pl\/index.php?rest_route=\/wp\/v2\/pages\/55"}],"collection":[{"href":"https:\/\/asipoland.pl\/index.php?rest_route=\/wp\/v2\/pages"}],"about":[{"href":"https:\/\/asipoland.pl\/index.php?rest_route=\/wp\/v2\/types\/page"}],"author":[{"embeddable":true,"href":"https:\/\/asipoland.pl\/index.php?rest_route=\/wp\/v2\/users\/7"}],"replies":[{"embeddable":true,"href":"https:\/\/asipoland.pl\/index.php?rest_route=%2Fwp%2Fv2%2Fcomments&post=55"}],"version-history":[{"count":33,"href":"https:\/\/asipoland.pl\/index.php?rest_route=\/wp\/v2\/pages\/55\/revisions"}],"predecessor-version":[{"id":1175,"href":"https:\/\/asipoland.pl\/index.php?rest_route=\/wp\/v2\/pages\/55\/revisions\/1175"}],"up":[{"embeddable":true,"href":"https:\/\/asipoland.pl\/index.php?rest_route=\/wp\/v2\/pages\/2"}],"wp:attachment":[{"href":"https:\/\/asipoland.pl\/index.php?rest_route=%2Fwp%2Fv2%2Fmedia&parent=55"}],"curies":[{"name":"wp","href":"https:\/\/api.w.org\/{rel}","templated":true}]}}